{"id":9600,"date":"2024-11-22T18:46:38","date_gmt":"2024-11-22T18:46:38","guid":{"rendered":"https:\/\/dif.municipiodelnayar.gob.mx\/?page_id=9600"},"modified":"2024-11-22T18:47:51","modified_gmt":"2024-11-22T18:47:51","slug":"politicas-de-calidad","status":"publish","type":"page","link":"https:\/\/dif.municipiodelnayar.gob.mx\/?page_id=9600","title":{"rendered":"Pol\u00edticas de Calidad"},"content":{"rendered":"<div class=\"fusion-fullwidth fullwidth-box fusion-builder-row-1 fusion-flex-container has-pattern-background has-mask-background nonhundred-percent-fullwidth non-hundred-percent-height-scrolling\" style=\"--awb-border-radius-top-left:0px;--awb-border-radius-top-right:0px;--awb-border-radius-bottom-right:0px;--awb-border-radius-bottom-left:0px;--awb-flex-wrap:wrap;\" ><div class=\"fusion-builder-row fusion-row fusion-flex-align-items-flex-start fusion-flex-content-wrap\" style=\"max-width:1216.8px;margin-left: calc(-4% \/ 2 );margin-right: calc(-4% \/ 2 );\"><div class=\"fusion-layout-column fusion_builder_column fusion-builder-column-0 fusion_builder_column_1_1 1_1 fusion-flex-column\" style=\"--awb-bg-size:cover;--awb-width-large:100%;--awb-margin-top-large:0px;--awb-spacing-right-large:1.92%;--awb-margin-bottom-large:0px;--awb-spacing-left-large:1.92%;--awb-width-medium:100%;--awb-order-medium:0;--awb-spacing-right-medium:1.92%;--awb-spacing-left-medium:1.92%;--awb-width-small:100%;--awb-order-small:0;--awb-spacing-right-small:1.92%;--awb-spacing-left-small:1.92%;\"><div class=\"fusion-column-wrapper fusion-column-has-shadow fusion-flex-justify-content-flex-start fusion-content-layout-column\"><div class=\"fusion-content-boxes content-boxes columns row fusion-columns-1 fusion-columns-total-1 fusion-content-boxes-1 content-boxes-icon-with-title content-left\" style=\"--awb-hover-accent-color:#e67fb9;--awb-circle-hover-accent-color:#e67fb9;--awb-item-margin-bottom:40px;\" data-animationOffset=\"top-into-view\"><div style=\"--awb-backgroundcolor:rgba(255,255,255,0);\" class=\"fusion-column content-box-column content-box-column content-box-column-1 col-lg-12 col-md-12 col-sm-12 fusion-content-box-hover content-box-column-last content-box-column-last-in-row\"><div class=\"col content-box-wrapper content-wrapper link-area-link-icon icon-hover-animation-pulsate\" data-animationOffset=\"top-into-view\"><div class=\"fusion-clearfix\"><\/div><div class=\"content-container\">\n<h2 style=\"text-align: justify;\">Atender a familias, grupos y habitantes del Municipio DEL NAYAR en situaci\u00f3n de Vulnerabilidad, con servicios de calidad y programas integrales que se apoyan en una infraestructura funcional, en una administraci\u00f3n austera y eficiente, con un trato c\u00e1lido, que cumple con el cargo legal vigente, que motivan la participaci\u00f3n ciudadana y el desarrollo humano sustentable, a fin de procurar el bienestar social y la igualdad de oportunidades para todos ciudadanos.<\/h2>\n<\/div><\/div><\/div><div class=\"fusion-clearfix\"><\/div><\/div><\/div><\/div><\/div><\/div>\n","protected":false},"excerpt":{"rendered":"","protected":false},"author":9,"featured_media":0,"parent":0,"menu_order":0,"comment_status":"closed","ping_status":"closed","template":"100-width.php","meta":{"footnotes":""},"_links":{"self":[{"href":"https:\/\/dif.municipiodelnayar.gob.mx\/index.php?rest_route=\/wp\/v2\/pages\/9600"}],"collection":[{"href":"https:\/\/dif.municipiodelnayar.gob.mx\/index.php?rest_route=\/wp\/v2\/pages"}],"about":[{"href":"https:\/\/dif.municipiodelnayar.gob.mx\/index.php?rest_route=\/wp\/v2\/types\/page"}],"author":[{"embeddable":true,"href":"https:\/\/dif.municipiodelnayar.gob.mx\/index.php?rest_route=\/wp\/v2\/users\/9"}],"replies":[{"embeddable":true,"href":"https:\/\/dif.municipiodelnayar.gob.mx\/index.php?rest_route=%2Fwp%2Fv2%2Fcomments&post=9600"}],"version-history":[{"count":2,"href":"https:\/\/dif.municipiodelnayar.gob.mx\/index.php?rest_route=\/wp\/v2\/pages\/9600\/revisions"}],"predecessor-version":[{"id":9603,"href":"https:\/\/dif.municipiodelnayar.gob.mx\/index.php?rest_route=\/wp\/v2\/pages\/9600\/revisions\/9603"}],"wp:attachment":[{"href":"https:\/\/dif.municipiodelnayar.gob.mx\/index.php?rest_route=%2Fwp%2Fv2%2Fmedia&parent=9600"}],"curies":[{"name":"wp","href":"https:\/\/api.w.org\/{rel}","templated":true}]}}

Políticas de Calidad

<div class="fusion-fullwidth fullwidth-box fusion-builder-row-1 fusion-flex-container has-pattern-background has-mask-background nonhundred-percent-fullwidth non-hundred-percent-height-scrolling" style="--awb-border-radius-top-left:0px;--awb-border-radius-top-right:0px;--awb-border-radius-bottom-right:0px;--awb-border-radius-bottom-left:0px;--awb-flex-wrap:wrap;" ><div class="fusion-builder-row fusion-row fusion-flex-align-items-flex-start fusion-flex-content-wrap" style="max-width:1216.8px;margin-left: calc(-4% / 2 );margin-right: calc(-4% / 2 );"><div class="fusion-layout-column fusion_builder_column fusion-builder-column-0 fusion_builder_column_1_1 1_1 fusion-flex-column" style="--awb-bg-size:cover;--awb-width-large:100%;--awb-margin-top-large:0px;--awb-spacing-right-large:1.92%;--awb-margin-bottom-large:0px;--awb-spacing-left-large:1.92%;--awb-width-medium:100%;--awb-order-medium:0;--awb-spacing-right-medium:1.92%;--awb-spacing-left-medium:1.92%;--awb-width-small:100%;--awb-order-small:0;--awb-spacing-right-small:1.92%;--awb-spacing-left-small:1.92%;"><div class="fusion-column-wrapper fusion-column-has-shadow fusion-flex-justify-content-flex-start fusion-content-layout-column"><div class="fusion-content-boxes content-boxes columns row fusion-columns-1 fusion-columns-total-1 fusion-content-boxes-1 content-boxes-icon-with-title content-left" style="--awb-hover-accent-color:#e67fb9;--awb-circle-hover-accent-color:#e67fb9;--awb-item-margin-bottom:40px;" data-animationOffset="top-into-view"><div style="--awb-backgroundcolor:rgba(255,255,255,0);" class="fusion-column content-box-column content-box-column content-box-column-1 col-lg-12 col-md-12 col-sm-12 fusion-content-box-hover content-box-column-last content-box-column-last-in-row"><div class="col content-box-wrapper content-wrapper link-area-link-icon icon-hover-animation-pulsate" data-animationOffset="top-into-view"><div class="fusion-clearfix"></div><div class="content-container">
<h2 style="text-align: justify;">Atender a familias, grupos y habitantes del Municipio DEL NAYAR en situación de Vulnerabilidad, con servicios de calidad y programas integrales que se apoyan en una infraestructura funcional, en una administración austera y eficiente, con un trato cálido, que cumple con el cargo legal vigente, que motivan la participación ciudadana y el desarrollo humano sustentable, a fin de procurar el bienestar social y la igualdad de oportunidades para todos ciudadanos.</h2>
</div></div></div><div class="fusion-clearfix"></div></div></div></div></div></div>
