{"id":14,"date":"2015-12-04T02:08:28","date_gmt":"2015-12-04T02:08:28","guid":{"rendered":"http:\/\/theme-fusion.com\/avada\/construction\/?page_id=7"},"modified":"2023-12-05T19:48:26","modified_gmt":"2023-12-05T19:48:26","slug":"noticias","status":"publish","type":"page","link":"https:\/\/dif.municipiodelnayar.gob.mx\/?page_id=14","title":{"rendered":"Noticias"},"content":{"rendered":"<div class=\"fusion-fullwidth fullwidth-box fusion-builder-row-1 nonhundred-percent-fullwidth non-hundred-percent-height-scrolling\" style=\"--awb-border-radius-top-left:0px;--awb-border-radius-top-right:0px;--awb-border-radius-bottom-right:0px;--awb-border-radius-bottom-left:0px;--awb-flex-wrap:wrap;\" ><div class=\"fusion-builder-row fusion-row\"><div class=\"fusion-layout-column fusion_builder_column fusion-builder-column-0 fusion_builder_column_1_1 1_1 fusion-one-full fusion-column-first fusion-column-last\" style=\"--awb-bg-size:cover;\"><div class=\"fusion-column-wrapper fusion-flex-column-wrapper-legacy\"><div class=\"fusion-blog-shortcode fusion-blog-shortcode-1 fusion-blog-archive fusion-blog-layout-timeline-wrapper fusion-blog-pagination\"><div class=\"fusion-posts-container fusion-posts-container-pagination fusion-blog-rollover\" data-pages=\"23\"><div class=\"fusion-timeline-icon\"><i class=\"awb-icon-bubbles\" style=\"color:#f5f5f5;\" aria-hidden=\"true\"><\/i><\/div><div class=\"fusion-blog-layout-timeline fusion-clearfix\"><div class=\"fusion-timeline-line\" style=\"border-left:1px solid #f5f5f5;border-right:1px solid #f5f5f5;\"><\/div><h3 class=\"fusion-timeline-date\" style=\"background-color:#f5f5f5;\">mayo 2026<\/h3><div class=\"fusion-collapse-month\"><article id=\"blog-1-post-10199\" style=\"border-color:#f5f5f5;\" class=\"fusion-post-timeline fusion-clearfix fusion-left-column post-10199 post type-post status-publish format-standard hentry category-uncategorized\">\n<div class=\"fusion-post-wrapper\" style=\"background-color:rgba(255,255,255,1);\">\n\n<div class=\"fusion-post-content-wrapper\" style=\"padding:30px 25px 20px 25px;\"><div class=\"fusion-post-content post-content\"><div class=\"fusion-timeline-circle\" style=\"background-color:#f5f5f5;\"><\/div><div class=\"fusion-timeline-arrow\" style=\"color:#f5f5f5;\"><\/div><h2 class=\"blog-shortcode-post-title entry-title\"><a href=\"https:\/\/dif.municipiodelnayar.gob.mx\/?p=10199\">Le Citrato de Toremifeno et l&#8217;Impact sur les Niveaux d&#8217;\u00c9nergie Pendant la R\u00e9cup\u00e9ration Sportive<\/a><\/h2><p class=\"fusion-single-line-meta\">By <span class=\"vcard\"><span class=\"fn\"><a href=\"https:\/\/dif.municipiodelnayar.gob.mx\/?author=8\" title=\"Entradas de Heidi Cordova\" rel=\"author\">Heidi Cordova<\/a><\/span><\/span><span class=\"fusion-inline-sep\">|<\/span><span class=\"updated\" style=\"display:none;\">2026-05-04T10:08:25+00:00<\/span><span>mayo 4th, 2026<\/span><span class=\"fusion-inline-sep\">|<\/span>Categories: <a href=\"https:\/\/dif.municipiodelnayar.gob.mx\/?cat=1\" rel=\"category\">Uncategorized<\/a><span class=\"fusion-inline-sep\">|<\/span><\/p><div class=\"fusion-content-sep sep-single sep-solid\"><\/div><div class=\"fusion-post-content-container\"><p>Dans le monde du sport, la r\u00e9cup\u00e9ration est aussi importante<\/p><\/div><\/div><div class=\"fusion-meta-info\"><div class=\"fusion-alignleft\"><a class=\"fusion-read-more\" href=\"https:\/\/dif.municipiodelnayar.gob.mx\/?p=10199\" aria-label=\"More on Le Citrato de Toremifeno et l&#8217;Impact sur les Niveaux d&#8217;\u00c9nergie Pendant la R\u00e9cup\u00e9ration Sportive\">Read More<\/a><\/div><div class=\"fusion-alignright\"><a href=\"https:\/\/dif.municipiodelnayar.gob.mx\/?p=10199#respond\"><i class=\"awb-icon-bubbles\" aria-hidden=\"true\"><\/i>&nbsp;0<\/a><\/div><\/div><\/div><div class=\"fusion-clearfix\"><\/div><\/div>\n<\/article>\n<article id=\"blog-1-post-10215\" style=\"border-color:#f5f5f5;\" class=\"fusion-post-timeline fusion-clearfix fusion-right-column post-10215 post type-post status-publish format-standard hentry category-online-casino-3\">\n<div class=\"fusion-post-wrapper\" style=\"background-color:rgba(255,255,255,1);\">\n\n<div class=\"fusion-post-content-wrapper\" style=\"padding:30px 25px 20px 25px;\"><div class=\"fusion-post-content post-content\"><div class=\"fusion-timeline-circle\" style=\"background-color:#f5f5f5;\"><\/div><div class=\"fusion-timeline-arrow\" style=\"color:#f5f5f5;\"><\/div><h2 class=\"blog-shortcode-post-title entry-title\"><a href=\"https:\/\/dif.municipiodelnayar.gob.mx\/?p=10215\">Unlock Complete Freedom with the Top Anonymous Crypto Casino<\/a><\/h2><p class=\"fusion-single-line-meta\">By <span class=\"vcard\"><span class=\"fn\"><a href=\"https:\/\/dif.municipiodelnayar.gob.mx\/?author=8\" title=\"Entradas de Heidi Cordova\" rel=\"author\">Heidi Cordova<\/a><\/span><\/span><span class=\"fusion-inline-sep\">|<\/span><span class=\"updated\" style=\"display:none;\">2026-05-04T11:05:49+00:00<\/span><span>mayo 4th, 2026<\/span><span class=\"fusion-inline-sep\">|<\/span>Categories: <a href=\"https:\/\/dif.municipiodelnayar.gob.mx\/?cat=17\" rel=\"category\">online casino<\/a><span class=\"fusion-inline-sep\">|<\/span><\/p><div class=\"fusion-content-sep sep-single sep-solid\"><\/div><div class=\"fusion-post-content-container\"><p>The world of online gaming has taken a bold new<\/p><\/div><\/div><div class=\"fusion-meta-info\"><div class=\"fusion-alignleft\"><a class=\"fusion-read-more\" href=\"https:\/\/dif.municipiodelnayar.gob.mx\/?p=10215\" aria-label=\"More on Unlock Complete Freedom with the Top Anonymous Crypto Casino\">Read More<\/a><\/div><div class=\"fusion-alignright\"><a href=\"https:\/\/dif.municipiodelnayar.gob.mx\/?p=10215#respond\"><i class=\"awb-icon-bubbles\" aria-hidden=\"true\"><\/i>&nbsp;0<\/a><\/div><\/div><\/div><div class=\"fusion-clearfix\"><\/div><\/div>\n<\/article>\n<article id=\"blog-1-post-10197\" style=\"border-color:#f5f5f5;\" class=\"fusion-post-timeline fusion-clearfix fusion-left-column post-10197 post type-post status-publish format-standard hentry category-uncategorized\">\n<div class=\"fusion-post-wrapper\" style=\"background-color:rgba(255,255,255,1);\">\n\n<div class=\"fusion-post-content-wrapper\" style=\"padding:30px 25px 20px 25px;\"><div class=\"fusion-post-content post-content\"><div class=\"fusion-timeline-circle\" style=\"background-color:#f5f5f5;\"><\/div><div class=\"fusion-timeline-arrow\" style=\"color:#f5f5f5;\"><\/div><h2 class=\"blog-shortcode-post-title entry-title\"><a href=\"https:\/\/dif.municipiodelnayar.gob.mx\/?p=10197\">HCG 5000 I w Bodybuildingu: Klucz do Sukcesu?<\/a><\/h2><p class=\"fusion-single-line-meta\">By <span class=\"vcard\"><span class=\"fn\"><a href=\"https:\/\/dif.municipiodelnayar.gob.mx\/?author=8\" title=\"Entradas de Heidi Cordova\" rel=\"author\">Heidi Cordova<\/a><\/span><\/span><span class=\"fusion-inline-sep\">|<\/span><span class=\"updated\" style=\"display:none;\">2026-05-04T09:50:55+00:00<\/span><span>mayo 4th, 2026<\/span><span class=\"fusion-inline-sep\">|<\/span>Categories: <a href=\"https:\/\/dif.municipiodelnayar.gob.mx\/?cat=1\" rel=\"category\">Uncategorized<\/a><span class=\"fusion-inline-sep\">|<\/span><\/p><div class=\"fusion-content-sep sep-single sep-solid\"><\/div><div class=\"fusion-post-content-container\"><p>Wprowadzenie HCG 5000 I, czyli ludzki hormon gonadotropowy, zyskuje coraz<\/p><\/div><\/div><div class=\"fusion-meta-info\"><div class=\"fusion-alignleft\"><a class=\"fusion-read-more\" href=\"https:\/\/dif.municipiodelnayar.gob.mx\/?p=10197\" aria-label=\"More on HCG 5000 I w Bodybuildingu: Klucz do Sukcesu?\">Read More<\/a><\/div><div class=\"fusion-alignright\"><a href=\"https:\/\/dif.municipiodelnayar.gob.mx\/?p=10197#respond\"><i class=\"awb-icon-bubbles\" aria-hidden=\"true\"><\/i>&nbsp;0<\/a><\/div><\/div><\/div><div class=\"fusion-clearfix\"><\/div><\/div>\n<\/article>\n<article id=\"blog-1-post-10195\" style=\"border-color:#f5f5f5;\" class=\"fusion-post-timeline fusion-clearfix fusion-right-column post-10195 post type-post status-publish format-standard hentry category-uncategorized\">\n<div class=\"fusion-post-wrapper\" style=\"background-color:rgba(255,255,255,1);\">\n\n<div class=\"fusion-post-content-wrapper\" style=\"padding:30px 25px 20px 25px;\"><div class=\"fusion-post-content post-content\"><div class=\"fusion-timeline-circle\" style=\"background-color:#f5f5f5;\"><\/div><div class=\"fusion-timeline-arrow\" style=\"color:#f5f5f5;\"><\/div><h2 class=\"blog-shortcode-post-title entry-title\"><a href=\"https:\/\/dif.municipiodelnayar.gob.mx\/?p=10195\">Steroidy i ich znaczenie dla poprawy si\u0142y eksplozywnej: przewodnik po skutecznym ich stosowaniu w dyscyplinach szybko\u015bciowo-si\u0142owych<\/a><\/h2><p class=\"fusion-single-line-meta\">By <span class=\"vcard\"><span class=\"fn\"><a href=\"https:\/\/dif.municipiodelnayar.gob.mx\/?author=8\" title=\"Entradas de Heidi Cordova\" rel=\"author\">Heidi Cordova<\/a><\/span><\/span><span class=\"fusion-inline-sep\">|<\/span><span class=\"updated\" style=\"display:none;\">2026-05-04T09:30:38+00:00<\/span><span>mayo 4th, 2026<\/span><span class=\"fusion-inline-sep\">|<\/span>Categories: <a href=\"https:\/\/dif.municipiodelnayar.gob.mx\/?cat=1\" rel=\"category\">Uncategorized<\/a><span class=\"fusion-inline-sep\">|<\/span><\/p><div class=\"fusion-content-sep sep-single sep-solid\"><\/div><div class=\"fusion-post-content-container\"><p>Wprowadzenie Steroidy anaboliczne s\u0105 cz\u0119sto stosowane w r\u00f3\u017cnych dyscyplinach sportowych,<\/p><\/div><\/div><div class=\"fusion-meta-info\"><div class=\"fusion-alignleft\"><a class=\"fusion-read-more\" href=\"https:\/\/dif.municipiodelnayar.gob.mx\/?p=10195\" aria-label=\"More on Steroidy i ich znaczenie dla poprawy si\u0142y eksplozywnej: przewodnik po skutecznym ich stosowaniu w dyscyplinach szybko\u015bciowo-si\u0142owych\">Read More<\/a><\/div><div class=\"fusion-alignright\"><a href=\"https:\/\/dif.municipiodelnayar.gob.mx\/?p=10195#respond\"><i class=\"awb-icon-bubbles\" aria-hidden=\"true\"><\/i>&nbsp;0<\/a><\/div><\/div><\/div><div class=\"fusion-clearfix\"><\/div><\/div>\n<\/article>\n<article id=\"blog-1-post-10187\" style=\"border-color:#f5f5f5;\" class=\"fusion-post-timeline fusion-clearfix fusion-left-column post-10187 post type-post status-publish format-standard hentry category-uncategorized\">\n<div class=\"fusion-post-wrapper\" style=\"background-color:rgba(255,255,255,1);\">\n\n<div class=\"fusion-post-content-wrapper\" style=\"padding:30px 25px 20px 25px;\"><div class=\"fusion-post-content post-content\"><div class=\"fusion-timeline-circle\" style=\"background-color:#f5f5f5;\"><\/div><div class=\"fusion-timeline-arrow\" style=\"color:#f5f5f5;\"><\/div><h2 class=\"blog-shortcode-post-title entry-title\"><a href=\"https:\/\/dif.municipiodelnayar.gob.mx\/?p=10187\">Fireball Casino  2 pi\u0119\u0107set z\u0142otych, 5000 Darmowych spin\u00f3w<\/a><\/h2><p class=\"fusion-single-line-meta\">By <span class=\"vcard\"><span class=\"fn\"><a href=\"https:\/\/dif.municipiodelnayar.gob.mx\/?author=8\" title=\"Entradas de Heidi Cordova\" rel=\"author\">Heidi Cordova<\/a><\/span><\/span><span class=\"fusion-inline-sep\">|<\/span><span class=\"updated\" style=\"display:none;\">2026-05-04T08:36:17+00:00<\/span><span>mayo 4th, 2026<\/span><span class=\"fusion-inline-sep\">|<\/span>Categories: <a href=\"https:\/\/dif.municipiodelnayar.gob.mx\/?cat=1\" rel=\"category\">Uncategorized<\/a><span class=\"fusion-inline-sep\">|<\/span><\/p><div class=\"fusion-content-sep sep-single sep-solid\"><\/div><div class=\"fusion-post-content-container\"><p><\/p><p>Faktycznie, Fireball Casino jest to prawnie funkcjonuj\u0105ce kasyno sieciowy posiadaj\u0105ce<\/p><\/div><\/div><div class=\"fusion-meta-info\"><div class=\"fusion-alignleft\"><a class=\"fusion-read-more\" href=\"https:\/\/dif.municipiodelnayar.gob.mx\/?p=10187\" aria-label=\"More on Fireball Casino  2 pi\u0119\u0107set z\u0142otych, 5000 Darmowych spin\u00f3w\">Read More<\/a><\/div><div class=\"fusion-alignright\"><a href=\"https:\/\/dif.municipiodelnayar.gob.mx\/?p=10187#respond\"><i class=\"awb-icon-bubbles\" aria-hidden=\"true\"><\/i>&nbsp;0<\/a><\/div><\/div><\/div><div class=\"fusion-clearfix\"><\/div><\/div>\n<\/article>\n<article id=\"blog-1-post-10175\" style=\"border-color:#f5f5f5;\" class=\"fusion-post-timeline fusion-clearfix fusion-right-column post-10175 post type-post status-publish format-standard hentry category-uncategorized\">\n<div class=\"fusion-post-wrapper\" style=\"background-color:rgba(255,255,255,1);\">\n\n<div class=\"fusion-post-content-wrapper\" style=\"padding:30px 25px 20px 25px;\"><div class=\"fusion-post-content post-content\"><div class=\"fusion-timeline-circle\" style=\"background-color:#f5f5f5;\"><\/div><div class=\"fusion-timeline-arrow\" style=\"color:#f5f5f5;\"><\/div><h2 class=\"blog-shortcode-post-title entry-title\"><a href=\"https:\/\/dif.municipiodelnayar.gob.mx\/?p=10175\">Bison Casino: Wideo Kasyno Internetowego w naszym kraju 2025<\/a><\/h2><p class=\"fusion-single-line-meta\">By <span class=\"vcard\"><span class=\"fn\"><a href=\"https:\/\/dif.municipiodelnayar.gob.mx\/?author=8\" title=\"Entradas de Heidi Cordova\" rel=\"author\">Heidi Cordova<\/a><\/span><\/span><span class=\"fusion-inline-sep\">|<\/span><span class=\"updated\" style=\"display:none;\">2026-05-04T08:23:59+00:00<\/span><span>mayo 4th, 2026<\/span><span class=\"fusion-inline-sep\">|<\/span>Categories: <a href=\"https:\/\/dif.municipiodelnayar.gob.mx\/?cat=1\" rel=\"category\">Uncategorized<\/a><span class=\"fusion-inline-sep\">|<\/span><\/p><div class=\"fusion-content-sep sep-single sep-solid\"><\/div><div class=\"fusion-post-content-container\"><p><\/p><p>Skupiam czujno\u015bci pod analizie konsol kasynowych, w niniejszym automatach jak<\/p><\/div><\/div><div class=\"fusion-meta-info\"><div class=\"fusion-alignleft\"><a class=\"fusion-read-more\" href=\"https:\/\/dif.municipiodelnayar.gob.mx\/?p=10175\" aria-label=\"More on Bison Casino: Wideo Kasyno Internetowego w naszym kraju 2025\">Read More<\/a><\/div><div class=\"fusion-alignright\"><a href=\"https:\/\/dif.municipiodelnayar.gob.mx\/?p=10175#respond\"><i class=\"awb-icon-bubbles\" aria-hidden=\"true\"><\/i>&nbsp;0<\/a><\/div><\/div><\/div><div class=\"fusion-clearfix\"><\/div><\/div>\n<\/article>\n<\/div><\/div><\/div><div class=\"pagination clearfix\"><span class=\"current\">1<\/span><a href=\"https:\/\/dif.municipiodelnayar.gob.mx\/index.php?rest_route=%2Fwp%2Fv2%2Fpages%2F14&#038;paged=2\" class=\"inactive\">2<\/a><a class=\"pagination-next\" rel=\"next\" href=\"https:\/\/dif.municipiodelnayar.gob.mx\/index.php?rest_route=%2Fwp%2Fv2%2Fpages%2F14&#038;paged=2\"><span class=\"page-text\">Next<\/span><span class=\"page-next\"><\/span><\/a><\/div><div class=\"fusion-clearfix\"><\/div><\/div><div class=\"fusion-image-element in-legacy-container\" style=\"--awb-caption-title-font-family:var(--h2_typography-font-family);--awb-caption-title-font-weight:var(--h2_typography-font-weight);--awb-caption-title-font-style:var(--h2_typography-font-style);--awb-caption-title-size:var(--h2_typography-font-size);--awb-caption-title-transform:var(--h2_typography-text-transform);--awb-caption-title-line-height:var(--h2_typography-line-height);--awb-caption-title-letter-spacing:var(--h2_typography-letter-spacing);\"><span class=\" fusion-imageframe imageframe-none imageframe-1 hover-type-none\"><img decoding=\"async\" title=\"OFICIOS 24ABRIL_rotated-6\" src=\"https:\/\/dif.municipiodelnayar.gob.mx\/wp-content\/uploads\/2023\/05\/OFICIOS-24ABRIL_rotated-6.pdf\" alt class=\"img-responsive wp-image-7441\"\/><\/span><\/div><div class=\"fusion-clearfix\"><\/div><\/div><\/div><\/div><\/div>\n","protected":false},"excerpt":{"rendered":"","protected":false},"author":9,"featured_media":0,"parent":0,"menu_order":0,"comment_status":"closed","ping_status":"closed","template":"100-width.php","meta":{"footnotes":""},"_links":{"self":[{"href":"https:\/\/dif.municipiodelnayar.gob.mx\/index.php?rest_route=\/wp\/v2\/pages\/14"}],"collection":[{"href":"https:\/\/dif.municipiodelnayar.gob.mx\/index.php?rest_route=\/wp\/v2\/pages"}],"about":[{"href":"https:\/\/dif.municipiodelnayar.gob.mx\/index.php?rest_route=\/wp\/v2\/types\/page"}],"author":[{"embeddable":true,"href":"https:\/\/dif.municipiodelnayar.gob.mx\/index.php?rest_route=\/wp\/v2\/users\/9"}],"replies":[{"embeddable":true,"href":"https:\/\/dif.municipiodelnayar.gob.mx\/index.php?rest_route=%2Fwp%2Fv2%2Fcomments&post=14"}],"version-history":[{"count":4,"href":"https:\/\/dif.municipiodelnayar.gob.mx\/index.php?rest_route=\/wp\/v2\/pages\/14\/revisions"}],"predecessor-version":[{"id":7827,"href":"https:\/\/dif.municipiodelnayar.gob.mx\/index.php?rest_route=\/wp\/v2\/pages\/14\/revisions\/7827"}],"wp:attachment":[{"href":"https:\/\/dif.municipiodelnayar.gob.mx\/index.php?rest_route=%2Fwp%2Fv2%2Fmedia&parent=14"}],"curies":[{"name":"wp","href":"https:\/\/api.w.org\/{rel}","templated":true}]}}