{"id":1314,"date":"2018-08-22T19:42:14","date_gmt":"2018-08-22T19:42:14","guid":{"rendered":"http:\/\/www.municipiodelnayar.gob.mx\/?page_id=1314"},"modified":"2023-12-05T19:51:46","modified_gmt":"2023-12-05T19:51:46","slug":"solicitud-de-informacion-dif","status":"publish","type":"page","link":"https:\/\/dif.municipiodelnayar.gob.mx\/?page_id=1314","title":{"rendered":"Solicitud de informaci\u00f3n DIF"},"content":{"rendered":"<div class=\"fusion-fullwidth fullwidth-box fusion-builder-row-1 nonhundred-percent-fullwidth non-hundred-percent-height-scrolling\" style=\"--awb-border-radius-top-left:0px;--awb-border-radius-top-right:0px;--awb-border-radius-bottom-right:0px;--awb-border-radius-bottom-left:0px;--awb-flex-wrap:wrap;\" ><div class=\"fusion-builder-row fusion-row\"><div class=\"fusion-layout-column fusion_builder_column fusion-builder-column-0 fusion_builder_column_1_1 1_1 fusion-one-full fusion-column-first fusion-column-last\" style=\"--awb-bg-size:cover;\"><div class=\"fusion-column-wrapper fusion-flex-column-wrapper-legacy\"><div class=\"fusion-text fusion-text-1\"><header class=\"entry-header\">\n<h2 class=\"entry-title fusion-responsive-typography-calculated\" style=\"--fontsize: 32; line-height: 1.31;\" data-fontsize=\"32\" data-lineheight=\"41.92px\">Solicitud de informaci\u00f3n DIF.<\/h2>\n<\/header>\n<div class=\"entry-summary\">\n<header class=\"entry-header\">\n<h2 class=\"entry-title fusion-responsive-typography-calculated\" style=\"--fontsize: 32; line-height: 1.31;\" data-fontsize=\"32\" data-lineheight=\"41.92px\"><span style=\"color: #993366;\"> \u00bfQuieres Solicitar Informaci\u00f3n?<\/span><\/h2>\n<ol>\n<li>Descarga formato de -&gt;<a href=\"https:\/\/dif.municipiodelnayar.gob.mx\/wp-content\/uploads\/2022\/11\/solicitud-arco.pdf\"> Formato de solicitud ARCO <\/a><\/li>\n<li>Descarga el formato de \u2013&gt; <a href=\"https:\/\/dif.municipiodelnayar.gob.mx\/wp-content\/uploads\/2022\/11\/solicitud-acceso-inf.pdf\">Formato de solicitud de informaci\u00f3n publica.<\/a><\/li>\n<li>DESCARGUE EL FORMATO SEG\u00daN LA INFORMACI\u00d3N QUE DESEE SABER.<\/li>\n<li>Llena tu solicitud y entrega en la Direcci\u00f3n de Transparencia y Acceso a la Informaci\u00f3n.<\/li>\n<li>Deber\u00e1s recibir una notificaci\u00f3n sobre tu solicitud en un m\u00e1ximo de 5 d\u00edas h\u00e1biles.<\/li>\n<\/ol>\n<\/header>\n<div class=\"entry-summary\">\n<p>Tambi\u00e9n puede realizar su solicitud de informaci\u00f3n v\u00eda electr\u00f3nica, escribiendo un correo a la direcci\u00f3n <strong>transparenciadif@municipiodelnayar.gob.mx<\/strong><\/p>\n<p>Es correo debe contener los siguientes datos:<\/p>\n<ul>\n<li>Nombre del solicitante y autorizados a recibir informaci\u00f3n si este fuera el caso.<\/li>\n<li>Domicilio, n\u00famero de fax o correo electr\u00f3nico para recibir notificaciones.<\/li>\n<li>La informaci\u00f3n solicitada.<\/li>\n<li>La forma y el medio para acceder a la informaci\u00f3n.<\/li>\n<\/ul>\n<p>La atenci\u00f3n a las solicitudes de informaci\u00f3n ser\u00e1n atendidas de acuerdo con apego al marco normativo vigente.<\/p>\n<\/div>\n<\/div>\n<\/div><div class=\"fusion-clearfix\"><\/div><\/div><\/div><\/div><\/div>\n","protected":false},"excerpt":{"rendered":"","protected":false},"author":9,"featured_media":0,"parent":0,"menu_order":0,"comment_status":"closed","ping_status":"closed","template":"","meta":{"footnotes":""},"_links":{"self":[{"href":"https:\/\/dif.municipiodelnayar.gob.mx\/index.php?rest_route=\/wp\/v2\/pages\/1314"}],"collection":[{"href":"https:\/\/dif.municipiodelnayar.gob.mx\/index.php?rest_route=\/wp\/v2\/pages"}],"about":[{"href":"https:\/\/dif.municipiodelnayar.gob.mx\/index.php?rest_route=\/wp\/v2\/types\/page"}],"author":[{"embeddable":true,"href":"https:\/\/dif.municipiodelnayar.gob.mx\/index.php?rest_route=\/wp\/v2\/users\/9"}],"replies":[{"embeddable":true,"href":"https:\/\/dif.municipiodelnayar.gob.mx\/index.php?rest_route=%2Fwp%2Fv2%2Fcomments&post=1314"}],"version-history":[{"count":5,"href":"https:\/\/dif.municipiodelnayar.gob.mx\/index.php?rest_route=\/wp\/v2\/pages\/1314\/revisions"}],"predecessor-version":[{"id":7829,"href":"https:\/\/dif.municipiodelnayar.gob.mx\/index.php?rest_route=\/wp\/v2\/pages\/1314\/revisions\/7829"}],"wp:attachment":[{"href":"https:\/\/dif.municipiodelnayar.gob.mx\/index.php?rest_route=%2Fwp%2Fv2%2Fmedia&parent=1314"}],"curies":[{"name":"wp","href":"https:\/\/api.w.org\/{rel}","templated":true}]}}